6
Let g(s) = -10*s + 72. Determine g(4).
32
Let q(u) = -27*u + 52. What is q(3)?
-29
Let b(q) = -q**2 + 9*q + 22. Calculate b(-4).
-30
Let o(t) = t**3 + 4*t**2 - t - 2. Calculate o(-4).
2
Let y(l) = -l**2 - 37*l - 310. Calculate y(-14).
12
Let t(x) = -x**3 - 3*x**2 + 3*x - 3. Give t(-4).
1
Let y(r) = -r**2 + 11. Give y(6).
-25
Let f(a) = 12*a + 279. Determine f(-22).
15
Let h(l) = l**3 + 7*l**2 - 11*l - 2. Give h(-8).
22
Let h(q) = q**3 - 9*q**2 + 17*q - 14. What is h(7)?
7
Let j(q) = -q**2 - 8*q + 3. Determine j(-3).
18
Let x(h) = -h - 9. Calculate x(-12).
3
Let i(g) = g**3 - 6*g**2 + 6*g - 23. Determine i(6).
13
Let h(b) = b**3 + 2*b**2 - 4*b - 1. Determine h(-4).
-17
Let d(i) = i**2 - 16*i - 20. Give d(17).
-3
Let s(n) = -5*n - 4. What is s(-3)?
11
Let c(i) = 11*i - 60. Calculate c(6).
6
Let s(p) = -3*p**2 + 18*p + 16. Determine s(7).
-5
Let l(y) = -y**2 + 5*y + 49. What is l(11)?
-17
Let l(t) = 10*t - 164. Give l(17).
6
Let r(u) = u**3 + 8*u**2 + 5*u - 4. Determine r(-6).
38
Let q(b) = -b + 52. Determine q(0).
52
Let y(w) = -w**3 + 6*w**2 + 2*w - 4. Give y(6).
8
Let t(q) = -q**2 + 8*q + 33. Determine t(6).
45
Let i(b) = -b - 4. Give i(12).
-16
Let t(q) = 17*q + 23. What is t(-2)?
-11
Let c(v) = 4*v**2 - 19*v + 27. What is c(10)?
237
Let d(r) = -r**3 + 6*r**2 + 8*r - 4. Determine d(7).
3
Let s(m) = m**2 + 8*m + 7. Give s(-4).
-9
Let f(j) = 2*j**3 - 31*j**2 + 21*j + 7. Calculate f(15).
97
Let j(a) = -a**3 - 7*a**2 + 8*a + 23. Determine j(-8).
23
Let y(v) = -v - 8. Give y(-19).
11
Let g(s) = 21*s**2 - 2*s + 2. What is g(1)?
21
Let o(k) = 2*k + 2. Determine o(-1).
0
Let a(v) = -18*v + 45. Determine a(3).
-9
Let h(q) = q**2 + 12*q - 29. Determine h(5).
56
Let z(u) = u**3 + 42*u**2 + 43*u + 75. Determine z(-41).
-7
Let c(b) = -9*b**2 + 10*b - 24. Give c(3).
-75
Let p(h) = -8*h**3 + 5*h + 1. Give p(3).
-200
Let c(p) = -2*p**3 + p - 1. What is c(1)?
-2
Let q(c) = -8*c - 1. Determine q(-5).
39
Let q(t) = -25*t**2. Determine q(1).
-25
Let q(b) = -17*b. Determine q(-1).
17
Let f(p) = -p**2 + 2*p + 5. Calculate f(2).
5
Let u(p) = p**3 + 6*p**2 - 7*p - 8. What is u(-7)?
-8
Let p(n) = -n**3 - 22*n**2 - 56*n + 17. What is p(-19)?
-2
Let n(k) = -7*k**2 + 16*k - 6. What is n(2)?
-2
Let o(f) = -f + 9. Determine o(11).
-2
Let j(s) = -5*s - 1. Determine j(1).
-6
Let g(b) = -b - 15. Give g(-5).
-10
Let b(y) = y**3 - 5*y**2 + 2*y + 6. What is b(4)?
-2
Let k(q) = q**3 + 8*q**2 - 2*q - 1. Determine k(-7).
62
Let f(o) = -o**3 + 6*o**2 - 11*o + 26. What is f(5)?
-4
Let s(w) = w + 2. What is s(-23)?
-21
Let b(s) = 24*s**2 + s + 1. What is b(-1)?
24
Let x(r) = 28*r**2 - 5*r + 5. What is x(1)?
28
Let k(y) = y**2 + 7*y + 1. What is k(-7)?
1
Let p(w) = w**3 + 6*w**2 + 1. Determine p(-5).
26
Let m(u) = u**3 + 5*u**2 - 2*u - 8. What is m(-5)?
2
Let m(s) = s**3 - s**2 - s - 11. Calculate m(0).
-11
Let z(u) = 3*u + 3. Determine z(-1).
0
Let c(n) = -n**2 + 5*n + 1. Determine c(7).
-13
Let s(f) = 10*f + 4. Determine s(4).
44
Let u(q) = q**3 - 2*q**2 - 6*q + 3. Give u(4).
11
Let z(g) = -11*g - 8. What is z(-4)?
36
Let o(h) = 31*h**2 - 1. Calculate o(-1).
30
Let r(g) = g**2 + 6*g + 2. Calculate r(-6).
2
Let t(l) = -2*l - 7. What is t(-5)?
3
Let b(a) = a - 25. What is b(0)?
-25
Let g(f) = -29*f - 171. Determine g(-6).
3
Let v(h) = -h**3 + 12*h**2 - 13*h + 10. Calculate v(11).
-12
Let p(o) = -5*o**2 - 7*o - 4. Give p(-5).
-94
Let f(s) = -s**3 + s**2 - 4*s + 9. Calculate f(2).
-3
Let y(c) = 5*c + 81. Calculate y(-16).
1
Let r(x) = -x**3 + 11*x**2 + 15*x - 10. What is r(12)?
26
Let p(v) = 3*v**2 + v - 6. Determine p(0).
-6
Let f(o) = o**3 + 3*o**2 - 7*o - 8. What is f(-4)?
4
Let l(m) = -m**3 - 12*m**2 + 86*m + 1. What is l(-17)?
-16
Let y(t) = -2*t + 7. Calculate y(6).
-5
Let t(o) = -3*o**2 + 42*o - 4. Calculate t(14).
-4
Let v(q) = 2*q - 76. What is v(22)?
-32
Let x(d) = d**3 - 2*d - 2. Determine x(-4).
-58
Let n(h) = 3*h**2 + 55*h + 23. Determine n(-18).
5
Let k(t) = -2*t**2 - 18*t. Calculate k(-9).
0
Let t(f) = -5*f - 26. Determine t(-5).
-1
Let k(c) = -c**2 - 31*c - 26. Give k(-30).
4
Let t(n) = 6*n + 4. What is t(1)?
10
Let m(x) = 7*x - 33. Calculate m(6).
9
Let p(h) = 7*h + 2. What is p(1)?
9
Let q(y) = -y**3 - 2*y**2 + 85. Give q(0).
85
Let t(r) = 4*r + 131. Give t(-33).
-1
Let b(u) = -u**3 + 2*u**2 - u - 1. Give b(4).
-37
Let j(n) = 4*n - 16. What is j(7)?
12
Let i(x) = -x**3 + 6*x**2 - 8. What is i(6)?
-8
Let j(n) = -88*n + 92. Calculate j(1).
4
Let g(k) = 9*k**3 + 3*k**2. Calculate g(2).
84
Let u(i) = -7*i + 3. What is u(5)?
-32
Let u(v) = -v**2 - 10*v + 14. What is u(-13)?
-25
Let t(r) = -r**2 + r + 7. Give t(-3).
-5
Let p(q) = q**2 - 2*q. Determine p(-2).
8
Let q(c) = 2*c + 12. Determine q(5).
22
Let w(v) = -v - 5. What is w(-2)?
-3
Let q(o) = -11*o - 34. Calculate q(-4).
10
Let q(w) = -w**2 + 27*w + 51. Determine q(29).
-7
Let o(c) = -2*c - 1. What is o(18)?
-37
Let l(h) = -6*h - 5. Determine l(0).
-5
Let a(t) = -t**2 - 15*t - 51. Determine a(-8).
5
Let u(z) = -4*z**3 + 3*z + 4. Calculate u(2).
-22
Let m(b) = 10*b + 109. Calculate m(-9).
19
Let z(o) = -o**3 + 13*o**2 + 31*o + 1. Calculate z(15).
16
Let n(f) = -f**3 + 4*f**2 + f - 10. Determine n(0).
-10
Let x(v) = 31*v - 6. Determine x(3).
87
Let w(p) = -p. Calculate w(-1).
1
Let f(i) = -i**2 - i - 13. Calculate f(-6).
-43
Let o(r) = -4*r + 1. Give o(0).
1
Let a(p) = -16*p - 78. What is a(-6)?
18
Let g(p) = 3*p**3 + 2*p**2 + 6*p + 3. What is g(-1)?
-4
Let s(b) = 17*b**2 + b - 1. Determine s(1).
17
Let b(t) = t**3 + 20*t**2 - 40*t + 86. Give b(-22).
-2
Let d(g) = -21*g - 37. Determine d(-6).
89
Let t(k) = -2*k**2 - 2. Determine t(2).
-10
Let m(g) = -8*g + 357. Give m(48).
-27
Let x(t) = t**3 + 10*t**2 + 9*t + 4. Determine x(-9).
4
Let c(d) = -d**2 + 17*d - 4. Calculate c(8).
68
Let i(b) = -2*b - 4. Determine i(-6).
8
Let o(d) = 9*d + 226. Determine o(-24).
10
Let y(v) = v**2 + 8*v + 16. Calculate y(-4).
0
Let f(b) = b**3 - 20*b**2 + 38*b - 22. Calculate f(18).
14
Let f(g) = -g**3 - g**2 - 2*g - 2. What is f(-2)?
6
Let y(n) = -3*n**2 + 16*n - 15. Calculate y(1).
-2
Let t(v) = -v**2 + 2*v + 3. What is t(0)?
3
Let b(u) = 18*u - 12. Give b(1).
6
Let b(o) = 5*o**2 + 65*o - 74. Calculate b(-14).
-4
Let d(p) = 11*p - 16. What is d(7)?
61
Let r(c) = c**2 - 10*c + 27. What is r(6)?
3
Let z(g) = g**3 + 10*g**2 + 9*g - 2. Calculate z(-9).
-2
Let r(c) = -c**3 - 22*c**2 + 18*c - 21. Give r(-23).
94
Let b(l) = -l**2 - 7*l + 16. What is b(-8)?
8
Let w(v) = -v**3 + 7*v**2 + 5*v - 1. Determine w(6).
65
Let y(c) = -c**3 + 49*c**2 + 57*c - 343. What is y(50)?
7
Let a(i) = -5*i**3 + 4*i**2 - 2*i - 1. Give a(2).
-29
Let t(z) = -z**2 - 14*z - 23. What is t(-16)?
-55
Let d(n) = -n**3 + 16*n**2 - 47*n - 10. What is d(12)?
2
Let w(s) = -27*s - 1. What is w(3)?
-82
Let i(f) = -f**3 + 16*f**2 - 25*f - 45. What is i(14)?
-3
Let o(r) = r**2 - 27*r + 29. Calculate o(21).
-97
Let b(k) = -2*k**2 + 22*k - 43. Determine b(6).
17
Let l(o) = o**3 + 10*o**2 + 4*o + 15. Calculate l(-10).
-25
Let w(t) = -t**2 + 10*t + 6. Calculate w(7).
27
Let g(i) = -i**2 - 23*i - 21. What is g(-23)?
-21
Let l(u) = 6*u + 3. Determine l(2).
15
Let s(x) = -3*x + 9. What is s(6)?
-9
Let f(p) = -p**3 - 27*p**2 - 26*p - 10. Give f(-26).
-10
Let t(x) = -6*x - 44. Give t(-6).
-8
Let x(y) = -30*y + 1. Determine x(-3).
91
Let z(b) = 13*b. What is z(-2)?
-26
Let d(o) = 2*o**2 - 3*o + 4. Calculate d(8).
108
Let z(j) = -j**3 - 6*j**2 + 3*j + 15. Calculate z(-6).
-3
Let g(s) = -4*s + 47. Give g(12).
-1
Let s(w) = 85*w - 6. What is s(1)?
79
Let r(v) = -v**2 - 17*v - 54. Calculate r(-12).
6
Let v(r) = r**3 - 10*r**2 - 2*r + 14. Give v(10).
-6
Let q(n) = -2*n + 4. Determine q(-4).
12
Let q(f) = -139*f + 553. Determine q(4).
-3
Let f(h) = -3*h + 77. Give f(25).
2
Let s(b) = -b**3 + 33*b**2 - b + 24. Determine s(33).
-9
Let w(b) = 14*b + 26. Give w(0).
26
Let n(p) = 6*p + 1. What is n(2)?
13
Let n(a) = a**3 + 8*a**2 - 5*a + 30. What is n(-9)?
-6
Let y(d) = -d**2 - 4*d - 3. What is y(-3)?
0
Let x(t) = -2*t**2 + 110*t - 109. What is x(54)?
-1
Let d(a) = 2*a**2 - 22*a + 42. Determine d(8).
-6
Let x(s) = -5*s - 27. Calculate x(-5).
-2
Let k(h) = h**3 + 11*h**2 - 12*h + 4. Determine k(-12).
4
Let j(z) = 2*z**2 + 8*z + 12. Calculate j(-6).
36
Let h(m) = m**2 - 9*m + 17. What is h(6)?
-1
Let y